et y(g) = 118*g + 360. Determine y(-3).
6
Let h(n) = n**3 + 3*n**2 + 3*n - 1. Give h(-3).
-10
Let w(o) = o**2 + o + 2. Determine w(6).
44
Let n(l) = -2*l**3 + 5*l**2 - 2*l - 2. Calculate n(2).
-2
Let u(s) = 7*s - 82. Calculate u(13).
9
Let q(w) = 2*w**2 - 31*w - 2. What is q(16)?
14
Let v(j) = -j**3 - 4*j**2 - 3*j + 2. What is v(-3)?
2
Let g(s) = -s**3 + 3*s**2 + 4*s + 1. Calculate g(3).
13
Let x(z) = -4*z. Calculate x(7).
-28
Let u(j) = -65*j**2 + 3*j - 2. Determine u(1).
-64
Let o(w) = -w**3 + 4*w**2 - 2. Determine o(2).
6
Let m(i) = i**3 - 11*i**2 - 26*i - 9. Calculate m(13).
-9
Let c(f) = f**2 + 2*f - 2. Give c(-6).
22
Let v(d) = -3*d - 9. Determine v(-3).
0
Let b(g) = -g**3 + 10*g**2 - g + 1. Determine b(9).
73
Let f(h) = 9*h + 287. Give f(-31).
8
Let j(p) = 2*p**2 - 7*p + 24. Give j(3).
21
Let l(y) = -5*y - 7. Calculate l(10).
-57
Let n(v) = -15*v + 307. Give n(21).
-8
Let n(o) = o**2 - 4*o - 2. Determine n(8).
30
Let l(o) = o**3 - 14*o**2 - 28*o - 23. Determine l(16).
41
Let s(d) = -d + 22. Calculate s(8).
14
Let p(s) = -51*s - 405. Determine p(-8).
3
Let z(q) = 13*q + 2. Give z(-2).
-24
Let p(o) = 12*o + 4. Give p(-4).
-44
Let v(w) = 4*w + 35. Give v(-6).
11
Let d(o) = -o**3 - 4*o - 1. What is d(0)?
-1
Let v(d) = -d**3 + 4*d**2 + 19*d - 52. Calculate v(2).
-6
Let v(r) = -5*r + 96. Determine v(17).
11
Let b(l) = -l**2 + 21*l - 100. Calculate b(7).
-2
Let d(m) = m**2 + 36*m + 11. Determine d(-36).
11
Let f(j) = 7*j**2 - j. Give f(1).
6
Let z(p) = -p**2 + 9*p - 4. Determine z(9).
-4
Let d(f) = 11*f + 215. Determine d(-18).
17
Let b(m) = 7*m - 83. Calculate b(17).
36
Let d(h) = 13*h - 2. Calculate d(-1).
-15
Let a(b) = 49*b - 1611. Calculate a(33).
6
Let c(l) = -23*l**2 + 3*l + 2. What is c(-1)?
-24
Let r(c) = 4*c**3 + 7*c**2 + 6*c + 8. Determine r(-4).
-160
Let o(h) = -3*h - 12. Give o(-7).
9
Let q(l) = 3*l**2 - 15*l - 4. Give q(5).
-4
Let y(x) = 28*x - 5. What is y(-3)?
-89
Let n(y) = 4*y + 25. Calculate n(-5).
5
Let z(h) = -6*h - 145. What is z(-19)?
-31
Let r(a) = -a**3 - a**2 + a + 53. What is r(0)?
53
Let w(m) = 6*m**2 - 20*m + 13. What is w(2)?
-3
Let j(c) = c**3 + 18*c**2 - 43*c - 50. Give j(-20).
10
Let p(n) = -n**3 - 11*n**2 - 17*n + 12. Calculate p(-9).
3
Let p(n) = -n**2 - 5*n + 7. Determine p(-8).
-17
Let q(u) = u**2 - 5*u + 6. Give q(5).
6
Let z(u) = u**2 - 5*u + 10. What is z(4)?
6
Let b(a) = 93*a + 273. Give b(-3).
-6
Let h(n) = -n**3 - 27*n**2 - 25*n + 49. Give h(-26).
23
Let u(a) = -a**3 + a**2 - a + 9. Determine u(0).
9
Let m(c) = c**3 + 3*c**2 + 2*c - 15. Give m(-4).
-39
Let u(x) = -x**2 - 13*x + 4. Calculate u(-13).
4
Let v(k) = -k**2 - 7*k. Determine v(-5).
10
Let l(y) = -y**3 - 6*y**2 - 5*y - 11. Calculate l(-6).
19
Let p(g) = g + 16. Calculate p(0).
16
Let d(m) = 2*m**2 - 34*m + 13. Determine d(14).
-71
Let u(w) = 7*w**3 + 3*w**2 + 2*w. Determine u(-1).
-6
Let s(r) = -r + 1. What is s(-1)?
2
Let k(f) = -f**2 + 43*f - 162. Calculate k(39).
-6
Let w(c) = c**2 - 5*c - 6. Calculate w(-3).
18
Let i(p) = -6*p**2 - 9*p + 4. Determine i(-2).
-2
Let t(v) = v**3 - 5*v**2 + v - 7. What is t(5)?
-2
Let y(u) = u + 6. Calculate y(6).
12
Let a(q) = 2*q**2 - 54*q + 48. What is a(26)?
-4
Let u(s) = -s**3 - 2*s**2 + 6*s - 21. Give u(-5).
24
Let h(j) = 22*j**3 - 572*j**2 - 2*j + 51. Give h(26).
-1
Let x(r) = 15*r + 2. What is x(-1)?
-13
Let j(g) = 3*g**2 - 10*g + 6. Determine j(6).
54
Let t(z) = -z**3 + 7*z**2 - 12*z + 8. Calculate t(4).
8
Let l(u) = u**2 - 19*u - 164. Determine l(25).
-14
Let p(c) = -4*c**2 - c + 2. Determine p(-2).
-12
Let w(r) = 8*r + 75. Calculate w(-3).
51
Let o(s) = 10*s**2 + s - 1. Give o(1).
10
Let u(y) = -y**3 - 20*y**2 - 19*y - 6. What is u(-19)?
-6
Let p(h) = 3*h**3 + 3*h**2 + 5*h + 3. What is p(-2)?
-19
Let m(v) = -49*v**3 + v**2 + v - 1. Determine m(1).
-48
Let q(l) = 11*l + 73. What is q(-7)?
-4
Let q(h) = 26*h + 165. Calculate q(-6).
9
Let x(c) = -c**3 + 8*c**2 + 12*c - 4. Determine x(9).
23
Let g(u) = u**3 - 2*u**2 - 16*u + 29. Give g(2).
-3
Let i(a) = -a**3 - 5*a**2 - 6. Calculate i(-5).
-6
Let o(y) = y**3 + 20*y**2 + 19*y + 25. Determine o(-19).
25
Let c(x) = x**2 + 4*x - 4. Give c(-5).
1
Let t(v) = 43*v + 270. What is t(-6)?
12
Let n(i) = -4*i**3 - 13*i**2 - i + 7. What is n(-3)?
1
Let n(r) = 3*r - 10. Calculate n(-6).
-28
Let m(t) = t + 1. Determine m(1).
2
Let v(m) = -m**3 - 10*m**2 - 8*m + 9. Determine v(-9).
0
Let x(k) = -2*k**2 - 8*k - 7. Determine x(-5).
-17
Let f(d) = -2*d - 30. Give f(-12).
-6
Let i(m) = -2*m**2 + 10*m - 7. Give i(4).
1
Let z(t) = -t**3 - 7*t**2 + 8. Give z(-7).
8
Let y(o) = -3*o - 4. Determine y(-7).
17
Let a(t) = t**2 - 2*t - 35. Determine a(0).
-35
Let q(f) = -2*f - 14. Calculate q(-3).
-8
Let p(g) = 54*g**3 + 2*g**2 - 3*g + 2. Determine p(1).
55
Let d(s) = s**3 - 51*s**2 - 54*s + 96. Calculate d(52).
-8
Let b(m) = -52*m - 158. Determine b(-3).
-2
Let t(a) = a**3 - a**2 - 8. What is t(3)?
10
Let o(c) = -11*c - 19. Calculate o(-2).
3
Let f(a) = -9*a + 21. Calculate f(4).
-15
Let t(w) = -w - 43. Determine t(-17).
-26
Let s(c) = -c**2 - 14*c - 39. Determine s(-9).
6
Let v(n) = -5*n**2 - 194*n + 28. Determine v(-39).
-11
Let v(k) = -k**2 - 3*k + 57. Determine v(0).
57
Let u(f) = -4*f. Determine u(4).
-16
Let n(z) = -8*z**2 - 99*z + 13. Give n(-13).
-52
Let b(c) = -2*c + 14. Calculate b(14).
-14
Let h(l) = -7*l + 20. Give h(8).
-36
Let g(j) = 8*j - 38. Give g(8).
26
Let f(o) = o**3 - 6*o**2 - 5*o + 27. Determine f(6).
-3
Let y(u) = -u**3 + 16*u**2 - 23*u + 130. Give y(15).
10
Let c(p) = p**3 + 5*p**2 + 4*p + 4. Give c(-4).
4
Let x(c) = c**2 + c - 13. Determine x(4).
7
Let m(s) = s**2 - 9*s. Give m(7).
-14
Let s(r) = r**2 - 3*r - 6. Determine s(6).
12
Let w(x) = x**2 - 6*x - 9. Calculate w(8).
7
Let k(j) = 2*j + 15. Determine k(6).
27
Let r(f) = 15*f - 27. Determine r(4).
33
Let k(g) = -g**2 + g - 36. What is k(0)?
-36
Let n(f) = 5*f**2 + 2*f - 7. Determine n(3).
44
Let g(y) = -18*y + 1. What is g(1)?
-17
Let z(b) = b**3 + 4*b**2 - b + 5. What is z(-4)?
9
Let a(i) = -2*i + 4. Give a(7).
-10
Let m(h) = -h + 12. Give m(5).
7
Let r(w) = 4*w - 17. What is r(6)?
7
Let l(f) = -f**2 - 14*f. Give l(-14).
0
Let h(j) = j**3 - j**2 - 2*j + 1. Give h(0).
1
Let u(m) = m**3 + 3*m**2 - 4*m + 1. What is u(-4)?
1
Let w(a) = 9*a + 12. Determine w(6).
66
Let i(x) = -2*x**3 + 29*x**2 + 52*x - 57. Calculate i(16).
7
Let l(u) = -3*u**2 + 9*u + 22. Give l(7).
-62
Let w(o) = o**2 - 11*o + 18. Determine w(9).
0
Let n(h) = 6*h + 107. What is n(-18)?
-1
Let p(d) = d**2 - 45. Determine p(-7).
4
Let z(g) = -5*g - 24. Give z(-6).
6
Let t(p) = -6*p - 97. Calculate t(-16).
-1
Let v(p) = p**2 - 6*p - 22. Calculate v(8).
-6
Let s(c) = 3*c + 12. Give s(-4).
0
Let l(x) = x**3 - 19*x**2 - 21*x + 19. Determine l(20).
-1
Let f(l) = l**2 + 4*l - 3. Calculate f(-5).
2
Let g(q) = -2*q**2 + 5*q. Give g(3).
-3
Let z(g) = 4*g - 1. What is z(-2)?
-9
Let w(f) = 17*f + 37. Determine w(-9).
-116
Let q(z) = -48*z - 18. Give q(-3).
126
Let q(g) = -2*g + 20. Give q(12).
-4
Let j(x) = -x**3 - 15*x**2 - 15*x - 21. What is j(-14)?
-7
Let v(i) = -2*i**2 + 10*i + 5. Determine v(5).
5
Let j(x) = -6*x**2 - 2*x. Give j(2).
-28
Let p(z) = 2*z**2 - 3*z + 5. Give p(1).
4
Let v(d) = 5*d + 130. What is v(-25)?
5
Let d(z) = -z**2 - z + 16. Calculate d(3).
4
Let b(z) = -3*z**3 + 82*z**2 - 25*z - 46. Determine b(27).
8
Let z(t) = -t**3 + 9*t**2 + 24*t - 17. What is z(11)?
5
Let u(n) = -22*n**3 + n**2 - 2*n - 2. Calculate u(-1).
23
Let p(d) = -d**3 + 8*d**2 + 7*d + 15. Determine p(9).
-3
Let i(c) = c**2 + 10*c + 5. What is i(-11)?
16
Let n(c) = -15*c + 165. What is n(10)?
15
Let f(m) = 4*m + 5. Give f(-10).
-35
Let v(l) = -5*l - 4. Calculate v(-7).
31
Let j(p) = -p**2 + 13*p - 14. Determine j(6).
28
Let n(q) = 3*q - 23. Calculate n(5).
-8
Let p(w) = w**3 - 16*w**2 + 16*w - 9. Give p(15).
6
Let x(d) = d**2 - 2*d - 1. Calculate x(3).
2
Let m(r) = 4*r**2 + 20*r - 49. What is m(2)?
7
Let w(g) = -g**2 + 27*g - 82. What is w(23)?
10
Let y(h) = 132*h - 2. Calculate y(1).
130
Let k(i) = -i**3 - 20*i**2 - 18*i - 7. Determine k(-19).
-26
Let a(j) = 11*j - 9. Determine a(-1).
-20
Let t(q) = -q**2 - 2*q - 10. Determine t(-7).
-45
Let c(k) = k**3 + 5*k**2 + 3*k + 3. Calculate c(-4).
7
Let o(u) = u**3 - u**2 + 3*u + 4. What is o(3)?
31
Let x(f) = f**3 + 